ose -10 - 26 = -4*a + 4*i, -3*i = -a + 15. Suppose a*m = 3*m + 57. List the prime factors of m.
19
Let o = 19 + -17. Suppose o*d - d - 21 = 4*u, 5*d + 4*u - 201 = 0. What are the prime factors of d?
37
Let d be 3 + (2 - -35) + 1. Suppose 4*w - 3*x - d = 0, -3*w + 0*x - 4*x = -12. List the prime factors of w.
2
Let c(w) = 26*w**2 + 3. Let a(l) = l + 1. Let i(h) = -2*a(h) + c(h). List the prime factors of i(1).
5
Let d(c) = -5*c. Let h be d(-4). Suppose -4*p - 8 = 2*q, 5*q = q + p + h. Suppose -q*r + 8 = 5*x, 2*r - 20 = -2*r - 2*x. List the prime factors of r.
7
Let a(j) = -j**2 + 6*j - 5. Let l be a(4). Suppose 7*r - 16 = l*r + 4*n, -3*n = -5*r + 28. What are the prime factors of r?
2
What are the prime factors of 10 + 451/(-44) - 2146/(-8)?
2, 67
Suppose -4*i - 2 = 2*f + 6, 5*f + 20 = -2*i. Suppose -128 = -4*u - i*u. What are the prime factors of u?
2
Suppose -2*o + 3*d + 69 = 0, -2*o - 2*o - 3*d = -147. List the prime factors of o.
2, 3
Suppose q = 4*x + 53, -2*x + x + 4*q = 2. Let u(r) = r**3 + 14*r**2 - 2*r + 2. List the prime factors of u(x).
2, 3, 5
Suppose s + 0 = m - 4, 2*s - 55 = -5*m. Suppose -2*f = -m - 29. What are the prime factors of f?
19
Suppose 5*y - 1 + 11 = 4*h, -h = 5. Let d = -41 + 44. List the prime factors of (-2)/d + (-94)/y.
3, 5
What are the prime factors of ((-2)/((-6)/(-453)))/(-1 + 0)?
151
Let o(s) = s**2 + 2*s. Let j be o(2). Let i(g) = -g**3 + 9*g**2 - 9*g + 10. List the prime factors of i(j).
2
Suppose 3*k + 27 = 2*n + 8*k, 10 = -5*n + 3*k. Let f(i) = i - 1. Let b(a) = 1. Let d(h) = n*f(h) + 3*b(h). List the prime factors of d(6).
2
Suppose -l - 60 = -5*l. Suppose y - l = -2*y. List the prime factors of 56/y + (-3)/15.
11
Let n = 157 - 110. List the prime factors of n.
47
Let u(q) be the first derivative of 1 - 1/4*q**4 - 2*q**3 + 8*q + 7/2*q**2. List the prime factors of u(-7).
2
Let s(p) = 31*p**2 + 6. List the prime factors of s(3).
3, 5, 19
Suppose 52 = 4*j - 20. Let c be -4*1 + (-1 - 1). Let l = c + j. What are the prime factors of l?
2, 3
Let y(b) = 5*b**3 - 12*b**2 + 5*b - 3. Let g(f) = -f**3 + f**2 - f. Let c(l) = -6*g(l) - y(l). Let a be c(-6). What are the prime factors of 1/3*(a - -9)?
2
Suppose 0 = -3*g + 7*g - 20. Suppose -g*c + 8*c - 9 = 0. List the prime factors of c.
3
Let u be 9/3 - (3 + 0). Let r(h) = h + 9. Let a be r(7). Suppose u + a = c. What are the prime factors of c?
2
Let j(l) = l + 4. Let u be j(0). What are the prime factors of 41/u - 9/36?
2, 5
Let w be 12/10*(-3 - 2). Let u(q) = q**2 + 3*q - 5. Let n(r) = r**2 + 2*r - 5. Let l(p) = 3*n(p) - 4*u(p). List the prime factors of l(w).
5
Let p = -116 - -163. Suppose 0 = 3*s + 2*q - p, 3*s - 37 = 5*q + 3. List the prime factors of s.
3, 5
Let o = 25 + -7. List the prime factors of o.
2, 3
Suppose -3*k - 3*y = -8*k + 13, -2*y + 18 = 2*k. Suppose -5*g + 0*a - 4*a = -147, 0 = 5*g + k*a - 150. List the prime factors of 1/((-3)/g*-3).
3
Let l = 7 - 7. Let k = l + 3. What are the prime factors of k?
3
Suppose 2*f - 11 = 49. List the prime factors of f.
2, 3, 5
Let v(t) = -t + 0*t - 8*t - 6 + 15. List the prime factors of v(-4).
3, 5
Let a be 0/(3/3) - -2. Let f be 1/a + (-18)/(-4). Suppose -n + 2*u = 0, 5*u - 2*u = -f*n + 13. List the prime factors of n.
2
List the prime factors of 1086/10 - (32/20)/(-4).
109
Let b = 12 - 7. Suppose -b*q = -57 - 8. What are the prime factors of q?
13
Let z be -3 - (3 + 0)*-3. Let h(o) = -o**2 + 7*o - 1. Let k be h(z). Suppose -2*y - 2*y = 16, 4*y = -k*f + 49. List the prime factors of f.
13
Suppose 0*a + 4*a = x, -1 = -a. Suppose 0 = x*n + 5*i - 57, i - 2 = n - i. List the prime factors of n.
2
Let o(f) = -f**2 + 9*f + 12. Let v be o(10). Suppose 3*s - v = 34. List the prime factors of s.
2, 3
Suppose -w + 4*w - 9 = 0. Suppose -2*d + 13 = 3*n, -w*d + 19 = -d + n. List the prime factors of d.
11
Let r(f) = -f - 1. Let t(z) = -7*z + 3. Let a(k) = -6*r(k) + t(k). What are the prime factors of a(7)?
2
Let o(l) = l**3 - 5*l**2 - 4*l + 6. Let m be o(6). Suppose -5*y + 2*k + 12 + 58 = 0, 4*y - 28 = -4*k. Let d = m - y. List the prime factors of d.
2, 3
Let j(n) = -n**3 - 8*n**2 - n + 6. Let i be j(-7). Let b be (-2)/(-9) + (-496)/i. What are the prime factors of b/6*6/2?
7
List the prime factors of -4 + (-12)/3 + 87.
79
Let v(w) = 3*w + 3. List the prime factors of v(4).
3, 5
Let m(t) = 16*t - 8. List the prime factors of m(4).
2, 7
Let b be 5/10 + (-1)/2. Suppose 3*m - 3*v - 9 = b, 0*v = -2*v + 2. Suppose -3*k + m*l = 10 - 37, -4*k = 5*l - 5. List the prime factors of k.
5
Suppose 3*l - 59 = -4*g - 2, 3*g + 4*l - 41 = 0. Let c = -4 + 13. Let q = g - c. What are the prime factors of q?
2, 3
Suppose -4*h - 684 = -8*h. What are the prime factors of h?
3, 19
Suppose 70 = 2*o - 5*a, 3*o + 3*a = -2*a + 55. List the prime factors of o.
5
Suppose 5*h + 56 = 7*h. Let x = -5 + h. What are the prime factors of x?
23
Suppose 5*z = 5*v - 19 - 121, -3*z + 108 = 5*v. List the prime factors of v.
2, 3
Suppose -4*p + 5*a = 4 - 14, 4*p - a = 18. Suppose p*s = 2*j + 60, 5*j = -3*s + 2*j + 57. List the prime factors of s.
2, 7
Suppose 0 = -t + f, -4*t - f + 2 = -8. List the prime factors of t.
2
Let w(d) = d**2 + 1. Let t be w(0). Let z(c) = c + 1. What are the prime factors of z(t)?
2
Let z = 40 - 19. What are the prime factors of z?
3, 7
List the prime factors of 590/20 - 2/(-4).
2, 3, 5
Suppose 4*m = -4*p + 7*m + 66, -4*p + 4*m + 68 = 0. Let t = -6 + p. What are the prime factors of t?
3
Let z(o) = -1 + o + 0 - 2*o - 1 + o**2. What are the prime factors of z(3)?
2
Suppose 3*q = 7*q - 12. List the prime factors of q/(-1) - (-16)/2.
5
Let d(f) = 3*f + 2 + 3*f - 2*f - 1. What are the prime factors of d(1)?
5
Let r = 18 + 0. Suppose -3*c + r = -c. What are the prime factors of c?
3
Let j(m) = 52*m**3 - 2*m + 1. Let k be j(1). Suppose -2*d - k = -131. Suppose -d = -4*y - y. List the prime factors of y.
2
List the prime factors of -4 - -23 - 0/(-2).
19
Suppose 3*s = 5*r + 631, -4*r - 125 = -2*s + 293. What are the prime factors of s?
7, 31
Let p = 0 - -2. Let b be p - (1 + (-2)/1). Let m = 15 - b. What are the prime factors of m?
2, 3
Let p(x) = -x**3 - 3*x**2 - 12*x + 2. What are the prime factors of p(-6)?
2, 7, 13
Suppose -5*c + 147 = -98. List the prime factors of c.
7
Let l = -6 + 0. What are the prime factors of l/(-15) + (-23)/(-5)?
5
Suppose o - 60 = -5*n, 2*o - 64 = 4*n - 0. What are the prime factors of o?
2, 5
Suppose 2 = -5*u + 12. List the prime factors of u + -3 + (20 - 5).
2, 7
Let s be 3 + (-12)/(-9)*-3. Let t = s + 8. What are the prime factors of t?
7
Suppose 2*c + h + 108 = -62, -h - 428 = 5*c. Let j be c/(-8) - (-2)/8. Suppose 2*a - j = a. What are the prime factors of a?
11
Suppose -10*w + 297 = -113. What are the prime factors of w?
41
Suppose 13 + 8 = 3*c. Suppose 0 = -s + 2*b + 3*b + 8, 4*s = -5*b + c. What are the prime factors of s*(195/9)/5?
13
Suppose c + 2*c - 15 = 0. Suppose -6 = -2*r, 4*r - 21 = -c*x + 2*r. List the prime factors of (x - 4)/((-2)/20).
2, 5
Let l = 25 + -16. List the prime factors of l/6*44/6.
11
Let k be (-3)/(-2) - (-5)/10. Suppose -4*r = -h + r + 22, k*r = -8. List the prime factors of h.
2
Suppose 3*m = m + 4. List the prime factors of (-1)/m - 400/(-32).
2, 3
Let c(o) = -5*o**3 - 25*o**2 + 22*o - 45. Let n(t) = -2*t**3 - 8*t**2 + 7*t - 15. Let z(l) = -3*c(l) + 8*n(l). List the prime factors of z(10).
3, 5
Suppose 13 = -2*b - 2*a + 7*a, 5*b - 5*a + 10 = 0. Suppose 2*s = -3 - b. What are the prime factors of s + (-1)/((-3)/42)?
2, 3
Suppose -4*i - 4 = -0*i, -b + 10 = 3*i. What are the prime factors of b?
13
Suppose 0 = -s - 3*d + 109, -5*s - d = 3*d - 545. What are the prime factors of s?
109
Let m(f) = -f + 1. What are the prime factors of m(-7)?
2
Suppose -q - 4*m = 18, -5*q + 3*m - 2*m + 15 = 0. Suppose q*v - 10 = 0, 0*v - 16 = 2*n - 4*v. Suppose 0 = 2*p + n*p - 8. What are the prime factors of p?
2
Let w be 0*(3 + -2)/2. Suppose -11 = -4*y - 3*l, w = 4*l - 4. What are the prime factors of y?
2
Let r = 27 - 33. Suppose 0*y = 2*t + 3*y + 16, -2*t + 4 = -2*y. Let k = t - r. What are the prime factors of k?
2
Let t = 16 + -16. Suppose t*r + r - 33 = 0. What are the prime factors of r?
3, 11
Let j(p) = -p**3 - 5*p**2 + 5*p + 1. Let c(b) = -b - 6. Let w be c(0). List the prime factors of j